((-24)/20)/i*35?
1
Let w = -3 - -5. Let o(z) = 51*z. Let v be o(w). Suppose -4*q = -6*q + v. What is the units digit of q?
1
Suppose 202*h = 187*h + 30435. What is the tens digit of h?
2
Suppose -32*t = -31330 - 11262. What is the units digit of t?
1
What is the tens digit of (-4)/(-16) - (-2415)/20?
2
Let z = 66 - 13. Let p = z + 35. What is the tens digit of p?
8
Let v = 12588 - 6996. What is the tens digit of v?
9
Let s(u) = -u**2 - 9*u + 6. Let k be s(-8). What is the hundreds digit of (k/6 + -2)/(8/4584)?
1
Let a(c) = -c**2 + 26*c + 2. What is the hundreds digit of a(9)?
1
Suppose 5 = -74*i + 69*i. Suppose 3*p + 25 + 11 = 0. What is the units digit of (i - 2)/(p/8)?
2
Let g(k) = -k**3 + 8*k**2 - 2*k - 3. Let r be g(6). Let d = r - 39. What is the tens digit of 0 + (d - -3 - -4)?
2
Let z be (-1)/4 + (-4 - 2116/(-16)). Suppose z = 2*p - 100. What is the units digit of p?
4
What is the units digit of 8/(-10)*1830/(-12)?
2
Let s(k) = -15*k - 13. Suppose -13*n - 25 = -8*n. What is the units digit of s(n)?
2
Suppose h = 2*b - 3*h - 1338, 2004 = 3*b - 5*h. What is the hundreds digit of b?
6
Suppose -4*a + 316 = 40. Let h be 6/2 - (-3 - a). Let d = h - 19. What is the units digit of d?
6
Let u = 1920 - 1468. What is the tens digit of u?
5
Let w(g) = g**3 - 4*g**2 - 4*g + 1. Let m be w(5). Let l = m - 0. Suppose -3*j - 114 = -l*j. What is the units digit of j?
8
Suppose -3*l + 2118 = 3*q, -2*l - 4*q = -7*l + 3494. What is the hundreds digit of l?
7
Suppose 27*g = 26*g + 5. Suppose 3*x = 5*o + 428, -7*x + 9*x = -g*o + 277. What is the hundreds digit of x?
1
Let t = 4 - -1. Suppose 603 - 1868 = -t*n. Suppose 5*c - s - n = 0, -2*s + 2 = -2. What is the tens digit of c?
5
Let y(i) = 12*i - 1. Let c be y(-1). Let q = -3 - c. What is the tens digit of q?
1
Suppose -5*q = 5*a - q - 1967, 4*a + 2*q - 1576 = 0. What is the hundreds digit of a?
3
Suppose -18*v + 7630 = 502. What is the hundreds digit of v?
3
Let x = -23 + 11. Let h be -4*(-3 - 21/x). Suppose -4*q + 37 = -2*o - 101, -h*q + 165 = -4*o. What is the tens digit of q?
3
Let s(h) = h**2 + 11*h + 12. Let u be s(-10). Suppose 3*q - 18 = u*q - 5*i, -3*i + 15 = 2*q. What is the units digit of q/(-4 + (-19)/(-4))?
4
What is the thousands digit of (-4)/64 + 866107/176?
4
Let g = 26 - 22. Suppose g*a + 501 = 5*j, 5*j - j = 3*a + 400. What is the tens digit of j?
9
Let m(k) = -k**2 + 5*k - 4. Let j be m(1). Suppose j = -9*v + 7*v + 68. What is the units digit of v?
4
Let t = -54 - -56. Suppose -s + 2*s + t*v = 306, 3*s = -2*v + 914. What is the units digit of s?
4
What is the hundreds digit of (((-14)/(-3))/(-7))/(3/(-15165))?
3
Let h = -219 + 579. What is the units digit of h?
0
Let m(o) = 40*o**2 + 3*o - 3. What is the hundreds digit of m(-2)?
1
Suppose 0 = -5*y + 12*b - 11*b + 22, -4*y - 3*b + 29 = 0. Suppose 4*g - 4*c + 16 = 0, 5*c - 26 - 4 = -5*g. Let i = y + g. What is the units digit of i?
6
Let o(d) = -d**3 + 6*d**2 - 6*d. Let h be o(4). Let v be ((-2)/8)/(h/(-1184)). Suppose -q + 13 + v = 0. What is the tens digit of q?
5
Let n = 50 - 40. Suppose -2*r = -7*c + 3*c + n, 5*c + 2*r + 1 = 0. What is the units digit of c?
1
Let a(w) = -w**2 - 8*w + 6*w + 6*w**2. Let v be a(1). Suppose v*z - 84 + 9 = 0. What is the units digit of z?
5
Let p(r) = 2*r**2 - 6*r + 4. Suppose -2*a + 26 = 4*w, 0 = -3*a + 6*a - 9. Suppose z + 2*l = 3*l + 7, w*z + 3*l - 11 = 0. What is the units digit of p(z)?
2
Suppose -5*n = -8998 + 2083. What is the tens digit of n?
8
Suppose 2 = 7*o - 26. What is the units digit of 51/(o + (15/(-9) - 2))?
3
Let a = -591 + 1154. What is the units digit of a?
3
Let x = -83 - -49. Let m = x - -133. What is the units digit of m?
9
Let y(j) = -3*j - 7. Suppose -f + 4 = -i - 0, 3*f = -3*i - 30. Let g be y(i). Suppose 13*o - g*o = -35. What is the units digit of o?
5
Let p be (-129)/(-9)*3/1. Suppose p = 3*r - 122. What is the tens digit of 1145/r - 4/(-22)?
2
Suppose -64 - 6 = -7*z. Suppose -z*a + 227 + 753 = 0. What is the tens digit of a?
9
Let n(h) = -h**2 - h + 1. Let q be n(0). Let k = -1 + q. Suppose -5*d - 2 + 7 = k. What is the units digit of d?
1
Let y be 13/4 - 2/8. Suppose 0 = -7*a + 3*a + 8, -4*l = -y*a - 14. Suppose 0 = -l*f + 191 - 36. What is the tens digit of f?
3
Suppose 4*i + f - 1401 = 0, 12*f - 16*f - 363 = -i. What is the tens digit of i?
5
Let b(f) = -8 + 9*f**2 + f**2 + 10*f - 4*f**2. What is the tens digit of b(4)?
2
Let t = 683 + -310. Suppose -c = -4*r + t, 3*c + 96 = r - 0. Let a = r - 41. What is the tens digit of a?
5
Suppose 518 = 12*c - 11*c - 5*o, -c - 5*o + 568 = 0. What is the units digit of c?
3
Let s(k) = k**2 - 4*k + 4. Let w be s(4). Suppose -m = -w*m. Suppose p - 6*p + 140 = m. What is the tens digit of p?
2
What is the units digit of (44/16)/(103089/(-14728) + 7)?
6
Let m = 460 + 167. What is the hundreds digit of m?
6
Let y(l) = -3*l - 24. Let g be y(-11). Suppose g = -13*n + 16*n. What is the units digit of n?
3
Let d(s) = -1113*s + 212. What is the hundreds digit of d(-2)?
4
Let i = 305 - 211. Let j = i + 45. What is the tens digit of j?
3
Let z(u) = -u**3 + 18*u**2 - 24*u + 21. Let h be z(16). Let j = h - 78. What is the units digit of j?
1
Suppose 3*g = 5*v - 145, -4*v + 0*g - 5*g + 79 = 0. Suppose 5*a = -k + v - 4, 4*k + 4*a - 40 = 0. What is the units digit of k?
7
Suppose -3*m + 2 = 2*w - 2, 0 = 3*m - w - 7. Suppose q = 37 - 31. Suppose -2*s = -m*h - 28, 2*h - q = -h. What is the units digit of s?
6
Suppose -3*k + 5*l + 1 = l, 3*k = -5*l + 46. Let z(q) = q**3 - 6*q**2 - 7*q + 2. Let c be z(k). What is the units digit of (-30)/(-3) - (c + -1)?
9
What is the tens digit of (-2)/6 - (-406360)/120?
8
Suppose 5*y + 11 = 41. Let f be 1 + -1 - (-5 + -50). Suppose y*w = w + f. What is the units digit of w?
1
Let l(j) = 10*j**3 + 2*j**2 - 9*j - 4. What is the units digit of l(6)?
4
What is the tens digit of (-2)/(-21)*573*14?
6
Let r(l) = 8*l + 47 + l**2 + 42 - 100. What is the tens digit of r(-17)?
4
Suppose 2*a - 504 = -a. Suppose -4*k + k = -a. Suppose 4*g + 9 = 2*y - 27, -k = -4*y + 4*g. What is the units digit of y?
0
Let w(o) = -6*o + 17*o**2 + o**3 - 3 - 5 + 2. Let b be w(-17). Suppose q = -3*q + b. What is the tens digit of q?
2
Suppose 60 = -4*n + 5*d, -3*n + 3*d = 2*n + 88. Let v be (-12)/3 + 3 + n. Let k = 66 + v. What is the units digit of k?
5
Let m = 24 + -12. Let u = -9 + m. Suppose j - u*j = 10, -305 = -5*w + j. What is the units digit of w?
0
Let k(t) = -t**3 + 16*t**2 - 3*t + 22. What is the tens digit of k(13)?
9
What is the tens digit of (-11)/(8/724*(-2)/4)?
9
Let k be (3/(-3))/(11/55). What is the hundreds digit of 48/20 - 3 - 993/k?
1
Suppose 0 = 11*m - 8*m - 6423. What is the units digit of m?
1
Let y(u) = u**2 - 244. What is the hundreds digit of y(54)?
6
Let j(t) = t**3 - 5*t**2 + 9*t - 6. Let d be j(3). Suppose -2*x - 272 = -4*w, -5*w + 5*x = -d*w - 152. What is the units digit of w?
6
What is the hundreds digit of 2/(-4) + 105/(-28)*-42?
1
Let u(i) = -102*i + 71. What is the units digit of u(-5)?
1
Suppose 0*m = -2*m. Let g(d) = -d**2 - 1 - 4*d - 4 + m*d**2 + 5*d**2. What is the units digit of g(-2)?
9
Let d be 1/(-2) + 3860/8. Suppose -2*p - 122 = -d. What is the units digit of p?
0
Let w = -3 + 8. Suppose -1 = w*n - 16. What is the units digit of 2/n*(-378)/(-12)?
1
Let g(q) = -q + 42. Let n be -22 - 4*(-1 - -2). What is the tens digit of g(n)?
6
Let h be -1*(6/(-15))/((-1)/(-5)). Suppose 4*m = 5*y - 1059, 2*y - h*m - 424 = -0*m. What is the hundreds digit of y?
2
Let r be (-1)/((-4)/16*2). Suppose -n = 4*n + f - 246, r*n + 4*f - 84 = 0. What is the units digit of n?
0
Suppose b = 33*k - 38*k + 2560, -1031 = -2*k + b. What is the hundreds digit of k?
5
What is the hundreds digit of 5206/38 + -1*(1 + 0)?
1
Let t be 14/4 + (-24)/16. Suppose -4*v + 5*l = -77, t*v - 13 - 18 = 5*l. Suppose -v = 2*c - 77. What is the units digit of c?
7
Let f = 58 + -110. Let u = f - -86. What is the tens digit of u?
3
Let j(v) be the first derivative of -5*v**2/2 + 12*v + 1. Suppose -3*z + 5*z + 12 = 0. What is the units digit of j(z)?
2
Let o(v) = 10*v**2 - v. Suppose -1 = -3*f + 5. Let z be o(f). Suppose 38 = 4*a - 4*n - z, 0 = -3*a + 4*n + 62. What is the units digit of a?
4
Let z(s) = s**2 - s. Let i(c) = -c**3 + 9*c**2 + 4*c - 6. Let v(l) =